2 + 82069?
82067
In base 8, what is 7 - 46511?
-46502
In base 14, what is b1 - -33b0?
3481
In base 5, what is -4 + -2311321?
-2311330
In base 8, what is 6101 + 2?
6103
In base 14, what is -1 - 3140?
-3141
In base 8, what is 205233 + 4?
205237
In base 6, what is 3231 - -12142?
15413
In base 14, what is 3ad - 9?
3a4
In base 9, what is -2307050 - 4?
-2307054
In base 14, what is -3 + -149422?
-149425
In base 8, what is -6 - -346672?
346664
In base 15, what is 18 - -d6?
ee
In base 5, what is 21434044 - 4?
21434040
In base 5, what is -10 - -32110334?
32110324
In base 3, what is -1212210220121 + 2?
-1212210220112
In base 7, what is -3 + 242052?
242046
In base 5, what is -1043011 + 2?
-1043004
In base 12, what is 36 - -27b3?
2829
In base 4, what is 3 - -312023112?
312023121
In base 3, what is -10120122220 - 0?
-10120122220
In base 8, what is -605433 + 3?
-605430
In base 11, what is 157623 - -16?
157639
In base 3, what is 211 + -12100201022?
-12100200111
In base 2, what is -1100001 + 11100111101010?
11100110001001
In base 12, what is -366a33 - 5?
-366a38
In base 7, what is -65 + -3222?
-3320
In base 15, what is 1 - -5ebc?
5ebd
In base 15, what is a8 + 738?
7e1
In base 11, what is 13845 + -6?
1383a
In base 14, what is 11 + -4102?
-40d1
In base 5, what is -1 - -13424210?
13424204
In base 16, what is -24 - 7b1?
-7d5
In base 10, what is 24 + 347?
371
In base 13, what is -58 - 1a59?
-1ab4
In base 7, what is 26223 - -1112?
30335
In base 13, what is -66c4 - -1?
-66c3
In base 15, what is -87e + 7?
-877
In base 7, what is 541 + -10124?
-6253
In base 6, what is -1321 + 241?
-1040
In base 10, what is -5 + -1052928?
-1052933
In base 5, what is 41022 + -1014?
40003
In base 11, what is -933a - 18?
-9357
In base 12, what is -3a - -230a8?
2306a
In base 3, what is -2122201 + -101?
-2200002
In base 3, what is 1222112022011 + 1?
1222112022012
In base 2, what is 10 + -101011011?
-101011001
In base 6, what is -4 + -14144515?
-14144523
In base 8, what is -13270 + -22?
-13312
In base 4, what is 221322303 + 10?
221322313
In base 15, what is -66 - 1016?
-107c
In base 6, what is 20 + -2310412?
-2310352
In base 2, what is -100000111000001001111 + -100?
-100000111000001010011
In base 11, what is -3025 + 25?
-3000
In base 15, what is -75 + 234a?
22c5
In base 2, what is -100111 - -110010100?
101101101
In base 10, what is 3006 - -3?
3009
In base 6, what is 203153 + -2?
203151
In base 3, what is -11220100 - -11?
-11220012
In base 16, what is -32d + 7?
-326
In base 2, what is 1 - -11110001001000011111?
11110001001000100000
In base 3, what is 222112020002 - -22?
222112020101
In base 13, what is 1bc8 - -7?
1c02
In base 8, what is -174234 - 20?
-174254
In base 15, what is 7 - -376a?
3772
In base 7, what is -4 + 35565?
35561
In base 9, what is 6 + 527?
534
In base 15, what is 416d8 + 0?
416d8
In base 2, what is -1010 + -1101000001?
-1101001011
In base 13, what is a - -7429?
7436
In base 4, what is 303 + 11333?
12302
In base 7, what is -2646 + 30?
-2616
In base 14, what is -1 + -881c?
-881d
In base 5, what is 10 - 112344?
-112334
In base 13, what is 19054 + 18?
1906c
In base 11, what is 839705 + 3?
839708
In base 3, what is 2 + -120200222?
-120200220
In base 8, what is -3 + -303310?
-303313
In base 14, what is 35 + bd39?
bd70
In base 16, what is 15 - -1d10?
1d25
In base 15, what is -146e + -23?
-1492
In base 10, what is 8861 + -49?
8812
In base 10, what is 3346 - -34?
3380
In base 7, what is 103 - 23524?
-23421
In base 11, what is -5a - 2334?
-2393
In base 8, what is 74533 + -5?
74526
In base 12, what is -2a02a + -3?
-2a031
In base 14, what is 5 - -510c?
5113
In base 2, what is -101110001100001 - -11?
-101110001011110
In base 2, what is -1011 + 110111001111010?
110111001101111
In base 6, what is 11 + -5212?
-5201
In base 4, what is 12 + 1012223000?
1012223012
In base 12, what is 24a0 + -1?
249b
In base 9, what is -2 + -5317?
-5320
In base 7, what is -20102 + 624?
-16145
In base 5, what is -4231433 + 110?
-4231323
In base 4, what is -32 - -2130232?
2130200
In base 5, what is -401010 + 30?
-400430
In base 9, what is -131 + -10?
-141
In base 12, what is -137 - -b8?
-3b
In base 5, what is -101 - 1234231?
-1234332
In base 13, what is 24 - -2683?
26a7
In base 12, what is 15 - -2a083?
2a098
In base 12, what is 2 + 7062b?
70631
In base 6, what is 4 - -35331?
35335
In base 15, what is -22 - 1bd?
-1e0
In base 16, what is 43 + -de3?
-da0
In base 15, what is 1e + -3413?
-33e4
In base 2, what is 10111011 - -1001001100?
1100000111
In base 14, what is -30d - 96?
-3a5
In base 7, what is 51 + -52603?
-52522
In base 11, what is -2 - -1369?
1367
In base 14, what is -927 + 58?
-8ad
In base 10, what is -187 + -956?
-1143
In base 14, what is 1 - 6473?
-6472
In base 15, what is 54 - -95?
e9
In base 13, what is 2 - 17382?
-17380
In base 4, what is 3031131 - -20?
3031211
In base 6, what is -2 - -200332?
200330
In base 10, what is -223383 + 1?
-223382
In base 14, what is 385 - -cc?
473
In base 7, what is 1 + 34531?
34532
In base 5, what is 3 - -1124401?
1124404
In base 15, what is 685856 - -2?
685858
In base 4, what is -121033 - -210?
-120223
In base 6, what is 13 + -221555?
-221542
In base 8, what is -47 - 67157?
-67226
In base 13, what is 978a15 - 1?
978a14
In base 8, what is -2 - 31105?
-31107
In base 12, what is -a60 - 10?
-a70
In base 13, what is -14981 - 6?
-14987
In base 7, what is 4 - -24251?
24255
In base 2, what is 10000010100010111 - -100?
10000010100011011
In base 14, what is 0 - -2d91?
2d91
In base 8, what is -3 - -2125474?
2125471
In base 5, what is -131201331 + 4?
-131201322
In base 11, what is 137816 - 14?
137802
In base 2, what is 1101010101 - 10000100?
1011010001
In base 14, what is 430 + -2d?
401
In base 9, what is -3853 + 1?
-3852
In base 6, what is -4 - 10420225?
-10420233
In base 15, what is 1 - 105d?
-105c
In base 16, what is -9d5c + 2?
-9d5a
In base 2, what is 1000 + 1101110100011000?
1101110100100000
In base 15, what is -135aa4 - 1?
-135aa5
In base 8, what is -21347 + 5?
-21342
In base 14, what is -19 - 959b?
-95b6
In base 2, what is 110100000011000 + 1?
110100000011001
In base 16, what is 1 + -20c4?
-20c3
In base 7, what is 1 - 250000?
-246666
In base 12, what is 3 - 6a319?
-6a316
In base 6, what is -10140 + -21?
-10201
In base 9, what is 5866 - -32?
6008
In base 7, what is 5 + -100662?
-100654
In base 7, what is 65 - -1455?
1553
In base 14, what is -5475 + 4?
-5471
In base 14, what is c1b1 + -a?
c1a5
In base 5, what is -3 - 21142242?
-21142300
In base 5, what is 11434 - -33?
12022
In base 10, what is -3336 + 109?
-3227
In base 8, what is -10701 - 1?
-10702
In base 8, what is -244412 - 2?
-244414
In base 6, what is 12 - -1225130?
1225142
In base 12, what is -35 + 3ba3?
3b6a
In base 12, what is 12 + 509?
51b
In base 11, what is 1019 - 13a?
98a
In base 12, what is 12b - 437?
-308
In base 9, what is 32 + 446?
478
In base 10, what is -629 - -2671?
2042
In base 15, what is -7ab - 7c?
-838
In base 3, what is 1 + 1110120200?
1110120201
In base 5, what is -102 + -20034?
-20141
In base 6, what is 4 + -234415?
-234411
In base 9, what is -7445 - -1?
-7444
In base 11, what is 1 - 989?
-988
In base 15, what is 3 - 5d8a5?
-5d8a2
In base 8, what is -42 + -1115?
-1157
In base 7, what is 23 + -404?
-351
In base 16, what is 5 - -4def0?
4def5
In base 8, what is -367 - 32542?
-33131
In base 8, what is -552654 - 1?
-552655
In base 15, what is 2eb83 + -3?
2eb80
In base 3, what is 101020112 - 1?
101020111
In base 15, what is -2 - -17c7?
17c5
In base 12, what is 17b8 + 21?
1819
In base 14, what is -a - 4d0ad?
-4d0b9
In base 13, what is -8 - -281c6?
281bb
In base 6, what is 105255 - -34?
105333
In base 2, what is -10010100001 - 111000?
-10011011001
In base 2, what is 1011111110011000 - -100?
1011111110011100
In base 10, what is -1999 + -63?
-2062
In base 6, what is -100 - -1230?
1130
In base 15, what is 5cbbd - -5?
5cbc3
In base 12, what is 33 + -26532?
-264bb
In base 13, what is a + -2c8c?
-2c82
In base 9, what is -3 - -276564?
276561
In base 9, what is 11456 - -17?
11474
In base 13, what is b + 1041b?
10429
In base 15, what is 4c + -de4?
-d97
In base 14, what is -387 - -700?
357
In base 5, what is 1331 + 243014?
244400
In base 16, what is 3 + -8658?
-8655
In base 8, what is 5560 + 43?
5623
In base 15, what 